.
20
Let l(a) = a**3 + 9*a**2 + 7*a + 8. What is the remainder when 43 is divided by l(-8)?
11
Suppose 2*x - 7 = o, 0 = 3*x + o + 3*o - 16. Let z(t) = -t**2 + 20*t - 4. Calculate the remainder when z(19) is divided by x.
3
Suppose 2*t + 4*m = 38, 2*t - m = -2*m + 23. What is the remainder when t is divided by 6?
3
Let a = -80 - -103. What is the remainder when 90 is divided by a?
21
Let g = -3 - -7. Suppose -4*o = 5*y - 36, -g*o + 9 + 7 = 0. What is the remainder when y is divided by 2?
0
Let d = -10 - -36. Let g be 8/3 + 2/(-3). Let c(i) = 2*i**2 + 1. Calculate the remainder when d is divided by c(g).
8
Let a(h) = h**2 - 12*h + 13. Let x be a(12). Let c = -7 + x. What is the remainder when 11 is divided by c?
5
Let b be 3/((-2)/((-4)/3)). Let p be (-26)/(-8) + 15/20. Suppose 0*u = b*u - 3*f - 30, -p*f = -8. Calculate the remainder when u is divided by 10.
8
Let k be (-4)/(-6) + 32/(-3). Let c be k/2*(-39)/5. Suppose -r = 5*f + r - c, 0 = f - 4*r - 21. Calculate the remainder when 16 is divided by f.
7
Let d = -13 + 36. Let m(w) = -w + 2. Let k(h) = h**3 - h**2 - h - 6. Let p be k(0). Calculate the remainder when d is divided by m(p).
7
Let v = 25 - 14. Let x = v + -6. What is the remainder when x is divided by ((-8)/(-24))/((-1)/(-9))?
2
Let y(f) = f**3 - f**2 - 2*f - 4. Suppose 7 = l + q, 3*q = -2*l + 6*q + 4. What is the remainder when y(3) is divided by l?
3
Let r = -7 + 12. Suppose 3*w - 4 = -u + 19, -r*u = -4*w - 77. Calculate the remainder when u is divided by 6.
5
Suppose 5*o - 3*y = -0*o + 46, -36 = -4*o + 2*y. Let d be 1 - 2/(-2)*7. Suppose 1 + d = 3*m. Calculate the remainder when o is divided by m.
2
Suppose m + 135 = 16*m. Calculate the remainder when m is divided by 6.
3
Suppose 0 = 3*p - 6, p + 1 + 5 = 4*i. Suppose -i*k = -7*k + 1160. Calculate the remainder when 33 is divided by (-6)/(-14) + k/14.
16
Let v(a) = 3*a**2 + 1. Let w be (-6)/2 - (-24 + 1). What is the remainder when w + 0/1 + 3 is divided by v(2)?
10
Let a be 4/14 - (-115)/(-35). Let g = a - -6. Suppose -p + 124 = g*p. Calculate the remainder when p is divided by 16.
15
Let y = -90 - -133. What is the remainder when y is divided by 11?
10
Let p be ((-4)/(-2) - -20)/2. Suppose p*w = 13*w - 34. Calculate the remainder when 50 is divided by w.
16
Suppose -2*c - 20 = 2*c, 4*l - 401 = 5*c. Calculate the remainder when l is divided by 24.
22
Let x be (-3 + -3)/3 - -6. Let f = 1 + x. Let l = 1 - -8. Calculate the remainder when l is divided by f.
4
What is the remainder when (-1225)/(-10) - (1 + 2/(-4)) is divided by 14?
10
Suppose 0 = 4*r - 68 - 176. Suppose -l + 1 = 0, 0 = -3*u - 0*l - l + 64. Calculate the remainder when r is divided by u.
19
Let q = 2 - 17. Let u be -1 - q - -2 - -1. What is the remainder when 32 is divided by u*(1/1)/1?
15
Let q = 4 - 4. Suppose q = 4*o - 2*o - 112. Suppose -2*r + 0*g + 2*g = -22, -4*r - 2*g = -o. What is the remainder when r is divided by 5?
3
Suppose -3*o - 2*o - 530 = -5*i, -528 = -5*i + 4*o. Suppose -d + i = d. Calculate the remainder when d is divided by 18.
16
Let h(p) = p**3 + 5*p**2 + 3*p - 3. Let x be h(-3). Suppose 11*g = x*g + 40. Suppose 204 = 4*o + g. Calculate the remainder when o is divided by 17.
15
Let g(h) = 30*h**3 - 1. Let o be g(1). Suppose 0 = 2*c - 5*n - 19, 6*c = 2*c + n + o. Suppose -2*x + 5*x = 36. Calculate the remainder when x is divided by c.
5
Let c(m) = -m**3 - m + 8. Calculate the remainder when (-14)/21 - 89/(-3) is divided by c(0).
5
Suppose -v + 28 = 5. Calculate the remainder when v is divided by 12.
11
Let h be (-769)/(-4) + 3/(-12). Suppose 2*k - h = -2*k. Let s = k - 34. Calculate the remainder when 54 is divided by s.
12
Let n = -20 - -36. Let f = n + -45. Let m = f + 46. What is the remainder when m is divided by 9?
8
Let h be (2 + 3/(-2))*22. Let r(u) = -u**2 + 11*u + 15. What is the remainder when 41 is divided by r(h)?
11
Let o = -2 - -4. Suppose -5*k = 20 + 10. Let t = o - k. What is the remainder when 15 is divided by t?
7
Let v = 4 + -9. Suppose -l - 2*b = 2 + 1, -2*l - 3*b - 1 = 0. Let x = v + l. What is the remainder when x is divided by 1?
0
Calculate the remainder when (1 - (2 + 16))*-1 is divided by 5.
2
Let h(a) = -2 + 5*a + 7 + 1. What is the remainder when 121 is divided by h(5)?
28
Let z(b) = 3*b + 7. Let t = -2 + 61. Suppose t = 5*y - 1. Calculate the remainder when z(5) is divided by y.
10
Suppose x + 3*d = -4, -x - 5 = 3*d - d. Let m be (-180)/(-7) - 2/x. Suppose -w - m = -2*u, -w - 16 = -5*w. Calculate the remainder when 28 is divided by u.
13
Calculate the remainder when 86 is divided by 220/5*(-3)/(-6).
20
Let m be (-3)/(-2)*(-196)/(-6). Suppose -3*v - f + 117 = 0, -2*v + m = 5*f - 42. Calculate the remainder when v is divided by 20.
18
Suppose 6*n = -3*n + 162. Calculate the remainder when 160 is divided by n.
16
Let u(n) = 2*n + 3 + 1 + 3*n**2 - 3. Let d be u(-1). Calculate the remainder when (d + 1)/(3/10) is divided by 4.
2
Let s = -20 + 41. Calculate the remainder when 79 is divided by s.
16
Suppose 96 = 7*i - 4*i. What is the remainder when 126 is divided by i?
30
Suppose -4*z + 5 = 4*l + 1, 3*l - 5*z = 43. Suppose -l*d + 57 = -3*d. Let y(h) = h + 2. What is the remainder when d is divided by y(9)?
8
Suppose -3*r - 84 = -0*t - 3*t, 0 = 5*r. Calculate the remainder when 55 is divided by t.
27
Suppose -p = 4*p - 120. What is the remainder when 90 is divided by p?
18
Suppose 0*p + 61 = 5*p + i, -2*i + 2 = 0. Let n(u) = -u + 14. What is the remainder when 5 is divided by n(p)?
1
Suppose 4*p + 370 = 5*s, 3*p + 365 = 4*s + s. Calculate the remainder when s is divided by 24.
22
Calculate the remainder when (-1248)/(-21) - 20/(-35) is divided by 22.
16
Suppose 41 = -5*f - 4*y, 3*f = 2*y + 3 - 10. Let w(m) = m**2 + 6*m - 4. Let g be w(-6). What is the remainder when 31 is divided by g/(f/4 - -1)?
15
Let w = 40 - 36. Let i(g) = g**2 - 5*g + 6. Suppose -5*o = -10*o + 25. What is the remainder when i(o) is divided by w?
2
Suppose -k - 1 = -3*y - 5*k, -3*y = 2*k - 11. Let c = 44 - 6. Calculate the remainder when ((-2)/(-4))/1*c is divided by y.
5
Let l(i) = i**3 - 23*i**2 + 14. What is the remainder when 221 is divided by l(23)?
11
What is the remainder when ((-2)/6)/((-12)/216) is divided by 2?
0
Let a = 47 - 26. Let s be (-222)/(-15) - (-2)/10. Suppose -4*r + s = -9. What is the remainder when a is divided by r?
3
Suppose 25*d - 20*d - 100 = 0. Calculate the remainder when d is divided by 6.
2
Let a(n) = 13*n + 2. Let y be a(-3). Let z be 6/21 - y/(-7). Let d = 0 - z. Calculate the remainder when 8 is divided by d.
3
Let j(d) = d + 25. Let h be j(0). Let s = h + -13. Calculate the remainder when 23 is divided by s.
11
Let g = 5 - 3. Suppose 4*f + 45 = c, 3*c + g*f = -f + 60. Calculate the remainder when c is divided by 13.
12
Let t be ((-60)/18)/(2/6). Let c(x) = -x**3 - 10*x**2 - 3*x - 15. Suppose -3*l + 8*l - 285 = 0. Calculate the remainder when l is divided by c(t).
12
Calculate the remainder when (-5)/1*(1 - 2) is divided by 4.
1
Suppose -6*g + 68 = 2. Calculate the remainder when 21 is divided by g.
10
Suppose -5*h = -4*i - 33, 3*h = 5*h - 3*i - 16. Let v = h + -3. What is the remainder when 2 is divided by v?
0
Let i(a) = -9*a - 7*a**2 + 5*a**2 + 3 + 3*a**2. Calculate the remainder when 6 is divided by i(9).
0
Let y(m) = -3*m + 2. Let r be y(-4). Let l = -10 + r. What is the remainder when 15 is divided by l?
3
Let l(j) = j**3 + j**2 + 6*j - 5. Let s be (6/(-4))/((-6)/80). Suppose 0 = -4*w + 6*w - s. What is the remainder when l(2) is divided by w?
9
Suppose -5*x - l = -19 - 10, l - 4 = 0. Suppose 0 = q - 6 - x. Calculate the remainder when 21 is divided by q.
10
Let o be -1*(-8)/3*(-9)/(-12). Let n = 33 - -102. Suppose -o*v - n = -5*v. What is the remainder when v is divided by 16?
13
Let v = 63 - 19. Suppose 37 = 3*i - v. What is the remainder when i is divided by 15?
12
Suppose -5*i + 65 = 2*k - 44, 5*i - 5*k - 95 = 0. What is the remainder when 39 is divided by i?
18
Let j = 23 + -9. Calculate the remainder when j is divided by 5.
4
Let u(d) = -d**2 + 4*d - 3. Suppose -4 = -2*b + 6. Suppose 0 = -b*v + 5*p, 0 = 3*v - 0*p + p - 8. What is the remainder when v is divided by u(2)?
0
Let a(k) = -5*k**2 + k. Let s be a(1). What is the remainder when (-4)/10 + 12/5 is d